{"id":7546,"date":"2025-06-16T10:44:20","date_gmt":"2025-06-16T07:44:20","guid":{"rendered":"https:\/\/zanae.gr\/uncategorized\/symposium-gebratene-auberginen-in-tomatensosse-imam-3\/"},"modified":"2025-08-25T17:30:49","modified_gmt":"2025-08-25T14:30:49","slug":"symposium-gebratene-auberginen-in-tomatensosse-imam-3","status":"publish","type":"product","link":"https:\/\/zanae.gr\/de\/foodservice-de\/zutaten-fur-profis\/mischungen\/symposium-gebratene-auberginen-in-tomatensosse-imam-3\/","title":{"rendered":"Smart waffle complete"},"content":{"rendered":"","protected":false},"excerpt":{"rendered":"<p>Fertigmischung f\u00fcr Waffeln, gebrauchsfertig. Bietet knusprige Textur und reichen Geschmack, ideal f\u00fcr Fr\u00fchst\u00fcck und Desserts.<\/p>\n<p><strong>Nur f\u00fcr den professionellen Gebrauch. <\/strong><br \/>\n<strong>An einem k\u00fchlen (&lt;25 \u00b0C) und trockenen Ort (&lt;65 % relative Luftfeuchtigkeit) lagern. <\/strong><br \/>\n<strong>Die Verpackung nach dem \u00d6ffnen verschlie\u00dfen.<\/strong><\/p>\n","protected":false},"featured_media":6384,"template":"","meta":{"_acf_changed":false},"product_brand":[],"product_cat":[397],"product_tag":[],"class_list":{"0":"post-7546","1":"product","2":"type-product","3":"status-publish","4":"has-post-thumbnail","6":"product_cat-mischungen","8":"first","9":"instock","10":"purchasable","11":"product-type-variable"},"acf":[],"yoast_head":"<!-- This site is optimized with the Yoast SEO plugin v27.3 - https:\/\/yoast.com\/product\/yoast-seo-wordpress\/ -->\n<title>Smart waffle complete - Zanae<\/title>\n<meta name=\"robots\" content=\"index, follow, max-snippet:-1, max-image-preview:large, max-video-preview:-1\" \/>\n<link rel=\"canonical\" href=\"https:\/\/zanae.gr\/de\/foodservice-de\/zutaten-fur-profis\/mischungen\/symposium-gebratene-auberginen-in-tomatensosse-imam-3\/\" \/>\n<meta property=\"og:locale\" content=\"de_DE\" \/>\n<meta property=\"og:type\" content=\"article\" \/>\n<meta property=\"og:title\" content=\"Smart waffle complete - Zanae\" \/>\n<meta property=\"og:description\" content=\"Fertigmischung f\u00fcr Waffeln, gebrauchsfertig. Bietet knusprige Textur und reichen Geschmack, ideal f\u00fcr Fr\u00fchst\u00fcck und Desserts.  Nur f\u00fcr den professionellen Gebrauch.  An einem k\u00fchlen (&lt;25 \u00b0C) und trockenen Ort (&lt;65 % relative Luftfeuchtigkeit) lagern.  Die Verpackung nach dem \u00d6ffnen verschlie\u00dfen.\" \/>\n<meta property=\"og:url\" content=\"https:\/\/zanae.gr\/de\/foodservice-de\/zutaten-fur-profis\/mischungen\/symposium-gebratene-auberginen-in-tomatensosse-imam-3\/\" \/>\n<meta property=\"og:site_name\" content=\"Zanae\" \/>\n<meta property=\"article:publisher\" content=\"https:\/\/www.facebook.com\/www.zanae.gr\/?locale=el_GR\" \/>\n<meta property=\"article:modified_time\" content=\"2025-08-25T14:30:49+00:00\" \/>\n<meta property=\"og:image\" content=\"https:\/\/zanae.gr\/wp-content\/uploads\/2025\/06\/meigma-vaflas.webp\" \/>\n\t<meta property=\"og:image:width\" content=\"1200\" \/>\n\t<meta property=\"og:image:height\" content=\"1200\" \/>\n\t<meta property=\"og:image:type\" content=\"image\/webp\" \/>\n<meta name=\"twitter:card\" content=\"summary_large_image\" \/>\n<meta name=\"twitter:label1\" content=\"Gesch\u00e4tzte Lesezeit\" \/>\n\t<meta name=\"twitter:data1\" content=\"1\u00a0Minute\" \/>\n<script type=\"application\/ld+json\" class=\"yoast-schema-graph\">{\"@context\":\"https:\\\/\\\/schema.org\",\"@graph\":[{\"@type\":\"WebPage\",\"@id\":\"https:\\\/\\\/zanae.gr\\\/de\\\/foodservice-de\\\/zutaten-fur-profis\\\/mischungen\\\/symposium-gebratene-auberginen-in-tomatensosse-imam-3\\\/\",\"url\":\"https:\\\/\\\/zanae.gr\\\/de\\\/foodservice-de\\\/zutaten-fur-profis\\\/mischungen\\\/symposium-gebratene-auberginen-in-tomatensosse-imam-3\\\/\",\"name\":\"Smart waffle complete - Zanae\",\"isPartOf\":{\"@id\":\"https:\\\/\\\/zanae.gr\\\/de\\\/#website\"},\"primaryImageOfPage\":{\"@id\":\"https:\\\/\\\/zanae.gr\\\/de\\\/foodservice-de\\\/zutaten-fur-profis\\\/mischungen\\\/symposium-gebratene-auberginen-in-tomatensosse-imam-3\\\/#primaryimage\"},\"image\":{\"@id\":\"https:\\\/\\\/zanae.gr\\\/de\\\/foodservice-de\\\/zutaten-fur-profis\\\/mischungen\\\/symposium-gebratene-auberginen-in-tomatensosse-imam-3\\\/#primaryimage\"},\"thumbnailUrl\":\"https:\\\/\\\/zanae.gr\\\/wp-content\\\/uploads\\\/2025\\\/06\\\/meigma-vaflas.webp\",\"datePublished\":\"2025-06-16T07:44:20+00:00\",\"dateModified\":\"2025-08-25T14:30:49+00:00\",\"breadcrumb\":{\"@id\":\"https:\\\/\\\/zanae.gr\\\/de\\\/foodservice-de\\\/zutaten-fur-profis\\\/mischungen\\\/symposium-gebratene-auberginen-in-tomatensosse-imam-3\\\/#breadcrumb\"},\"inLanguage\":\"de\",\"potentialAction\":[{\"@type\":\"ReadAction\",\"target\":[\"https:\\\/\\\/zanae.gr\\\/de\\\/foodservice-de\\\/zutaten-fur-profis\\\/mischungen\\\/symposium-gebratene-auberginen-in-tomatensosse-imam-3\\\/\"]}]},{\"@type\":\"ImageObject\",\"inLanguage\":\"de\",\"@id\":\"https:\\\/\\\/zanae.gr\\\/de\\\/foodservice-de\\\/zutaten-fur-profis\\\/mischungen\\\/symposium-gebratene-auberginen-in-tomatensosse-imam-3\\\/#primaryimage\",\"url\":\"https:\\\/\\\/zanae.gr\\\/wp-content\\\/uploads\\\/2025\\\/06\\\/meigma-vaflas.webp\",\"contentUrl\":\"https:\\\/\\\/zanae.gr\\\/wp-content\\\/uploads\\\/2025\\\/06\\\/meigma-vaflas.webp\",\"width\":1200,\"height\":1200},{\"@type\":\"BreadcrumbList\",\"@id\":\"https:\\\/\\\/zanae.gr\\\/de\\\/foodservice-de\\\/zutaten-fur-profis\\\/mischungen\\\/symposium-gebratene-auberginen-in-tomatensosse-imam-3\\\/#breadcrumb\",\"itemListElement\":[{\"@type\":\"ListItem\",\"position\":1,\"name\":\"\u0391\u03c1\u03c7\u03b9\u03ba\u03ae\",\"item\":\"https:\\\/\\\/zanae.gr\\\/de\\\/\"},{\"@type\":\"ListItem\",\"position\":2,\"name\":\"Shop\",\"item\":\"https:\\\/\\\/zanae.gr\\\/?page_id=52\"},{\"@type\":\"ListItem\",\"position\":3,\"name\":\"Smart waffle complete\"}]},{\"@type\":\"WebSite\",\"@id\":\"https:\\\/\\\/zanae.gr\\\/de\\\/#website\",\"url\":\"https:\\\/\\\/zanae.gr\\\/de\\\/\",\"name\":\"Zanae\",\"description\":\"\",\"potentialAction\":[{\"@type\":\"SearchAction\",\"target\":{\"@type\":\"EntryPoint\",\"urlTemplate\":\"https:\\\/\\\/zanae.gr\\\/de\\\/?s={search_term_string}\"},\"query-input\":{\"@type\":\"PropertyValueSpecification\",\"valueRequired\":true,\"valueName\":\"search_term_string\"}}],\"inLanguage\":\"de\"}]}<\/script>\n<!-- \/ Yoast SEO plugin. -->","yoast_head_json":{"title":"Smart waffle complete - Zanae","robots":{"index":"index","follow":"follow","max-snippet":"max-snippet:-1","max-image-preview":"max-image-preview:large","max-video-preview":"max-video-preview:-1"},"canonical":"https:\/\/zanae.gr\/de\/foodservice-de\/zutaten-fur-profis\/mischungen\/symposium-gebratene-auberginen-in-tomatensosse-imam-3\/","og_locale":"de_DE","og_type":"article","og_title":"Smart waffle complete - Zanae","og_description":"Fertigmischung f\u00fcr Waffeln, gebrauchsfertig. Bietet knusprige Textur und reichen Geschmack, ideal f\u00fcr Fr\u00fchst\u00fcck und Desserts.  Nur f\u00fcr den professionellen Gebrauch.  An einem k\u00fchlen (&lt;25 \u00b0C) und trockenen Ort (&lt;65 % relative Luftfeuchtigkeit) lagern.  Die Verpackung nach dem \u00d6ffnen verschlie\u00dfen.","og_url":"https:\/\/zanae.gr\/de\/foodservice-de\/zutaten-fur-profis\/mischungen\/symposium-gebratene-auberginen-in-tomatensosse-imam-3\/","og_site_name":"Zanae","article_publisher":"https:\/\/www.facebook.com\/www.zanae.gr\/?locale=el_GR","article_modified_time":"2025-08-25T14:30:49+00:00","og_image":[{"width":1200,"height":1200,"url":"https:\/\/zanae.gr\/wp-content\/uploads\/2025\/06\/meigma-vaflas.webp","type":"image\/webp"}],"twitter_card":"summary_large_image","twitter_misc":{"Gesch\u00e4tzte Lesezeit":"1\u00a0Minute"},"schema":{"@context":"https:\/\/schema.org","@graph":[{"@type":"WebPage","@id":"https:\/\/zanae.gr\/de\/foodservice-de\/zutaten-fur-profis\/mischungen\/symposium-gebratene-auberginen-in-tomatensosse-imam-3\/","url":"https:\/\/zanae.gr\/de\/foodservice-de\/zutaten-fur-profis\/mischungen\/symposium-gebratene-auberginen-in-tomatensosse-imam-3\/","name":"Smart waffle complete - Zanae","isPartOf":{"@id":"https:\/\/zanae.gr\/de\/#website"},"primaryImageOfPage":{"@id":"https:\/\/zanae.gr\/de\/foodservice-de\/zutaten-fur-profis\/mischungen\/symposium-gebratene-auberginen-in-tomatensosse-imam-3\/#primaryimage"},"image":{"@id":"https:\/\/zanae.gr\/de\/foodservice-de\/zutaten-fur-profis\/mischungen\/symposium-gebratene-auberginen-in-tomatensosse-imam-3\/#primaryimage"},"thumbnailUrl":"https:\/\/zanae.gr\/wp-content\/uploads\/2025\/06\/meigma-vaflas.webp","datePublished":"2025-06-16T07:44:20+00:00","dateModified":"2025-08-25T14:30:49+00:00","breadcrumb":{"@id":"https:\/\/zanae.gr\/de\/foodservice-de\/zutaten-fur-profis\/mischungen\/symposium-gebratene-auberginen-in-tomatensosse-imam-3\/#breadcrumb"},"inLanguage":"de","potentialAction":[{"@type":"ReadAction","target":["https:\/\/zanae.gr\/de\/foodservice-de\/zutaten-fur-profis\/mischungen\/symposium-gebratene-auberginen-in-tomatensosse-imam-3\/"]}]},{"@type":"ImageObject","inLanguage":"de","@id":"https:\/\/zanae.gr\/de\/foodservice-de\/zutaten-fur-profis\/mischungen\/symposium-gebratene-auberginen-in-tomatensosse-imam-3\/#primaryimage","url":"https:\/\/zanae.gr\/wp-content\/uploads\/2025\/06\/meigma-vaflas.webp","contentUrl":"https:\/\/zanae.gr\/wp-content\/uploads\/2025\/06\/meigma-vaflas.webp","width":1200,"height":1200},{"@type":"BreadcrumbList","@id":"https:\/\/zanae.gr\/de\/foodservice-de\/zutaten-fur-profis\/mischungen\/symposium-gebratene-auberginen-in-tomatensosse-imam-3\/#breadcrumb","itemListElement":[{"@type":"ListItem","position":1,"name":"\u0391\u03c1\u03c7\u03b9\u03ba\u03ae","item":"https:\/\/zanae.gr\/de\/"},{"@type":"ListItem","position":2,"name":"Shop","item":"https:\/\/zanae.gr\/?page_id=52"},{"@type":"ListItem","position":3,"name":"Smart waffle complete"}]},{"@type":"WebSite","@id":"https:\/\/zanae.gr\/de\/#website","url":"https:\/\/zanae.gr\/de\/","name":"Zanae","description":"","potentialAction":[{"@type":"SearchAction","target":{"@type":"EntryPoint","urlTemplate":"https:\/\/zanae.gr\/de\/?s={search_term_string}"},"query-input":{"@type":"PropertyValueSpecification","valueRequired":true,"valueName":"search_term_string"}}],"inLanguage":"de"}]}},"_links":{"self":[{"href":"https:\/\/zanae.gr\/de\/wp-json\/wp\/v2\/product\/7546","targetHints":{"allow":["GET"]}}],"collection":[{"href":"https:\/\/zanae.gr\/de\/wp-json\/wp\/v2\/product"}],"about":[{"href":"https:\/\/zanae.gr\/de\/wp-json\/wp\/v2\/types\/product"}],"wp:featuredmedia":[{"embeddable":true,"href":"https:\/\/zanae.gr\/de\/wp-json\/wp\/v2\/media\/6384"}],"wp:attachment":[{"href":"https:\/\/zanae.gr\/de\/wp-json\/wp\/v2\/media?parent=7546"}],"wp:term":[{"taxonomy":"product_brand","embeddable":true,"href":"https:\/\/zanae.gr\/de\/wp-json\/wp\/v2\/product_brand?post=7546"},{"taxonomy":"product_cat","embeddable":true,"href":"https:\/\/zanae.gr\/de\/wp-json\/wp\/v2\/product_cat?post=7546"},{"taxonomy":"product_tag","embeddable":true,"href":"https:\/\/zanae.gr\/de\/wp-json\/wp\/v2\/product_tag?post=7546"}],"curies":[{"name":"wp","href":"https:\/\/api.w.org\/{rel}","templated":true}]}}

<p>Fertigmischung für Waffeln, gebrauchsfertig. Bietet knusprige Textur und reichen Geschmack, ideal für Frühstück und Desserts.</p>
<p><strong>Nur für den professionellen Gebrauch. </strong><br />
<strong>An einem kühlen (&lt;25 °C) und trockenen Ort (&lt;65 % relative Luftfeuchtigkeit) lagern. </strong><br />
<strong>Die Verpackung nach dem Öffnen verschließen.</strong></p>

<!-- This site is optimized with the Yoast SEO plugin v27.3 - https://yoast.com/product/yoast-seo-wordpress/ -->
<title>Smart waffle complete - Zanae</title>
<meta name="robots" content="index, follow, max-snippet:-1, max-image-preview:large, max-video-preview:-1" />
<link rel="canonical" href="https://zanae.gr/de/foodservice-de/zutaten-fur-profis/mischungen/symposium-gebratene-auberginen-in-tomatensosse-imam-3/" />
<meta property="og:locale" content="de_DE" />
<meta property="og:type" content="article" />
<meta property="og:title" content="Smart waffle complete - Zanae" />
<meta property="og:description" content="Fertigmischung für Waffeln, gebrauchsfertig. Bietet knusprige Textur und reichen Geschmack, ideal für Frühstück und Desserts.  Nur für den professionellen Gebrauch.  An einem kühlen (&lt;25 °C) und trockenen Ort (&lt;65 % relative Luftfeuchtigkeit) lagern.  Die Verpackung nach dem Öffnen verschließen." />
<meta property="og:url" content="https://zanae.gr/de/foodservice-de/zutaten-fur-profis/mischungen/symposium-gebratene-auberginen-in-tomatensosse-imam-3/" />
<meta property="og:site_name" content="Zanae" />
<meta property="article:publisher" content="https://www.facebook.com/www.zanae.gr/?locale=el_GR" />
<meta property="article:modified_time" content="2025-08-25T14:30:49+00:00" />
<meta property="og:image" content="https://zanae.gr/wp-content/uploads/2025/06/meigma-vaflas.webp" />
	<meta property="og:image:width" content="1200" />
	<meta property="og:image:height" content="1200" />
	<meta property="og:image:type" content="image/webp" />
<meta name="twitter:card" content="summary_large_image" />
<meta name="twitter:label1" content="Geschätzte Lesezeit" />
	<meta name="twitter:data1" content="1 Minute" />
<script type="application/ld+json" class="yoast-schema-graph">{"@context":"https:\/\/schema.org","@graph":[{"@type":"WebPage","@id":"https:\/\/zanae.gr\/de\/foodservice-de\/zutaten-fur-profis\/mischungen\/symposium-gebratene-auberginen-in-tomatensosse-imam-3\/","url":"https:\/\/zanae.gr\/de\/foodservice-de\/zutaten-fur-profis\/mischungen\/symposium-gebratene-auberginen-in-tomatensosse-imam-3\/","name":"Smart waffle complete - Zanae","isPartOf":{"@id":"https:\/\/zanae.gr\/de\/#website"},"primaryImageOfPage":{"@id":"https:\/\/zanae.gr\/de\/foodservice-de\/zutaten-fur-profis\/mischungen\/symposium-gebratene-auberginen-in-tomatensosse-imam-3\/#primaryimage"},"image":{"@id":"https:\/\/zanae.gr\/de\/foodservice-de\/zutaten-fur-profis\/mischungen\/symposium-gebratene-auberginen-in-tomatensosse-imam-3\/#primaryimage"},"thumbnailUrl":"https:\/\/zanae.gr\/wp-content\/uploads\/2025\/06\/meigma-vaflas.webp","datePublished":"2025-06-16T07:44:20+00:00","dateModified":"2025-08-25T14:30:49+00:00","breadcrumb":{"@id":"https:\/\/zanae.gr\/de\/foodservice-de\/zutaten-fur-profis\/mischungen\/symposium-gebratene-auberginen-in-tomatensosse-imam-3\/#breadcrumb"},"inLanguage":"de","potentialAction":[{"@type":"ReadAction","target":["https:\/\/zanae.gr\/de\/foodservice-de\/zutaten-fur-profis\/mischungen\/symposium-gebratene-auberginen-in-tomatensosse-imam-3\/"]}]},{"@type":"ImageObject","inLanguage":"de","@id":"https:\/\/zanae.gr\/de\/foodservice-de\/zutaten-fur-profis\/mischungen\/symposium-gebratene-auberginen-in-tomatensosse-imam-3\/#primaryimage","url":"https:\/\/zanae.gr\/wp-content\/uploads\/2025\/06\/meigma-vaflas.webp","contentUrl":"https:\/\/zanae.gr\/wp-content\/uploads\/2025\/06\/meigma-vaflas.webp","width":1200,"height":1200},{"@type":"BreadcrumbList","@id":"https:\/\/zanae.gr\/de\/foodservice-de\/zutaten-fur-profis\/mischungen\/symposium-gebratene-auberginen-in-tomatensosse-imam-3\/#breadcrumb","itemListElement":[{"@type":"ListItem","position":1,"name":"Αρχική","item":"https:\/\/zanae.gr\/de\/"},{"@type":"ListItem","position":2,"name":"Shop","item":"https:\/\/zanae.gr\/?page_id=52"},{"@type":"ListItem","position":3,"name":"Smart waffle complete"}]},{"@type":"WebSite","@id":"https:\/\/zanae.gr\/de\/#website","url":"https:\/\/zanae.gr\/de\/","name":"Zanae","description":"","potentialAction":[{"@type":"SearchAction","target":{"@type":"EntryPoint","urlTemplate":"https:\/\/zanae.gr\/de\/?s={search_term_string}"},"query-input":{"@type":"PropertyValueSpecification","valueRequired":true,"valueName":"search_term_string"}}],"inLanguage":"de"}]}</script>
<!-- / Yoast SEO plugin. -->

Fertigmischung für Waffeln, gebrauchsfertig. Bietet knusprige Textur und reichen Geschmack, ideal für Frühstück und Desserts.  Nur für den professionellen Gebrauch.  An einem kühlen (&lt;25 °C) und trockenen Ort (&lt;65 % relative Luftfeuchtigkeit) lagern.  Die Verpackung nach dem Öffnen verschließen.

Αρχική
